. Suppose 3*z - 116 - 28 = 0. Calculate the greatest common divisor of z and d.
12
Suppose 2*x = r + 302, 4*x + 2*r = 6*r + 596. Suppose 1167*s = 863*s + 56848. Calculate the highest common factor of s and x.
17
Suppose 5*n + 0*n - 180 = 0. Suppose -5*t - 55 = 5*u, -2*t + 6*t + 35 = -u. Let s = 32 + t. What is the highest common divisor of n and s?
12
Suppose 4*f - 7*f = -6. Suppose 0 = a + u - 3 + 8, 5*u = -f*a - 19. Let m be 174/12 - 3/a. What is the highest common factor of m and 32?
16
Suppose -26 = 10*v + 3*v. Let z be v/(-4 + (-1475)/(-370)). Suppose -4*c = -o + 25, 3*o - 2*c + c - 108 = 0. What is the greatest common factor of o and z?
37
Let q(b) = b**2 - 17*b - 58. Let l be q(20). Suppose -3*v + 125 = 5*j, l*v - 24 - 57 = -j. Calculate the highest common divisor of 20 and v.
20
Let p be ((-3)/4)/(4/(-16)). Suppose -q + 13 = p. Suppose -184*j = -175*j - 45. Calculate the highest common divisor of j and q.
5
Let z be -15 - -15 - 3*1. Let r be 762/(-9)*-1 + z/(-9). Let u be -23 + 54 + (1 - -1 - -1). What is the highest common divisor of u and r?
17
Let x(g) be the second derivative of -21*g**5/5 - g**4/12 + g**3/6 - 21*g. Let b be x(1). Let i = b + 104. What is the highest common divisor of 60 and i?
20
Suppose 103*f - 48*f = 7425. Calculate the highest common divisor of f and 645.
15
Let k = -15 - -18. Let x = 217 - 213. What is the highest common factor of k and x?
1
Let l be ((-36)/(-15))/(24/1040). Let b = -105 + l. Let d be b/((-2)/(-4)*28/(-42)). What is the highest common divisor of d and 24?
3
Suppose 0 = v - 21 - 1. Let o = v - 25. Let r be -4 - 2*18/o. Calculate the greatest common divisor of 4 and r.
4
Let v(d) = -14*d + 424. Let f be v(17). Let y = 55 + 7. What is the highest common factor of y and f?
62
Suppose -15*b + 2*b + 2484 = 10*b. Let m(t) = -28*t**3 - 2*t**2 - t. Let c be m(-1). Calculate the highest common factor of b and c.
27
Let n be ((-28)/21 + -4)*-6. Suppose 5*z - 2664 = -n*z. Calculate the highest common factor of z and 72.
72
Let q = -1547 + 2040. Let v(w) = -w**3 - 5*w**2 + 22*w + 1. Let f be v(-8). What is the greatest common factor of q and f?
17
Let g(o) = 3*o**2 - 28*o - 175. Let i be g(-9). Calculate the greatest common divisor of i and 704.
64
Let x = -20240 + 20290. Calculate the highest common factor of 29350 and x.
50
Suppose -11 = 5*o + 3*g - 77, -3*o - 5*g = -62. Let i(n) = 2*n**3 - 10*n**2 + n + 4. Let s be i(5). What is the greatest common factor of o and s?
9
Let c = 29 + -103. Let o = 81 + c. Suppose 3*w + 72 = p - w, 5*w - 148 = -3*p. Calculate the greatest common factor of o and p.
7
Suppose 0 = -p + 5*m + 3536, -17746 = -9*p + 4*p + 3*m. What is the highest common divisor of 67 and p?
67
Let q = 4607 - 4443. What is the greatest common divisor of 44 and q?
4
Let n = -276 + 445. Let o be (39/9)/(11/33). What is the highest common divisor of n and o?
13
Suppose -2*m - 107 = -3*j + 3*m, m = -j + 41. Let b = -340 - -518. Let p = -100 + b. Calculate the greatest common divisor of j and p.
39
Suppose 0 = -3*u - n + 257 + 27, -3*n - 68 = -u. Calculate the greatest common divisor of 3772 and u.
92
Suppose 3*b = 24*b - 147. Suppose -b*p + y = -9*p + 207, 5*p - 521 = y. What is the greatest common factor of p and 8?
8
Let b = -522 + 526. Suppose 4*v + 5*m = 5*v - 218, 0 = -b*v + 5*m + 842. What is the greatest common factor of v and 64?
16
Let z = -130 - 27. Let b = -146 - z. Calculate the greatest common factor of b and 4.
1
Suppose -5*i - 32 = -3*d + d, -2*i - 14 = -d. Let f = -395 - -359. Let y be 34 + f/(-6) - -8. What is the greatest common divisor of y and d?
6
Suppose 2*h - 3*u = -3*h - 53, -3*u = -3*h - 33. Let b be (2 + -3)/(2/h). Calculate the greatest common divisor of 35 and b.
5
Let j be 1/((-10)/30) - -16. Let p = -15 - -9. Let r be (9/p)/((-2)/52). What is the highest common divisor of j and r?
13
Let b(s) = 2*s**2 + 6*s - 8. Let k be b(-7). Suppose -5*h = -65780 + 64900. What is the greatest common divisor of h and k?
16
Suppose -7 + 79 = 4*u. Let p be u/(-12)*350/(-15). Calculate the highest common factor of p and 91.
7
Let y(i) = 1004*i - 1257. Let w be y(3). What is the highest common factor of 299 and w?
13
Let d be -8 + 10 - (2540/(-80))/(3/12). Calculate the highest common factor of d and 75.
3
Suppose -777*a + 780*a + 16 = 4*u, -5*u + 20 = -3*a. Let n = -1 - -5. Suppose -n*i - 6*i + 180 = a. Calculate the highest common factor of i and 54.
18
Let y(m) = 100*m - 20. Let d be y(3). What is the highest common divisor of 2680 and d?
40
Let f(w) = 57*w + 810. Let c be f(-14). Calculate the highest common divisor of c and 62.
2
Let t = -107 - -132. Let p = 109 - t. Suppose -9*o + p = -24. Calculate the highest common factor of 60 and o.
12
Let c be ((-100)/(-15) - 1)*-9. Let s be (-4)/(-12) + (-184)/3. Let h = c - s. Calculate the highest common divisor of h and 110.
10
Let f be (-4 + 7)*(-3 - 381/9). Let a = f - -144. Suppose -3*y + 380 = 5*n - 8*y, -4*y = -5*n + 376. What is the highest common factor of a and n?
8
Suppose 78 = 5*b - 3*v, -5*b = -7*b - 4*v + 26. What is the highest common divisor of b and 5145?
15
Let m(w) = w**3 - w**2 - w + 588. Let o be m(0). Suppose o = -18*q + 22*q. Calculate the greatest common divisor of 63 and q.
21
Let v(b) = -425*b + 3015. Let d be v(7). Let g be (-2 - -7)*(3 + -2). What is the highest common factor of d and g?
5
Let b = -3803 + 4653. What is the greatest common factor of b and 275?
25
Let x be 1 + (-4 - (-4779)/27). Calculate the greatest common factor of x and 9338.
58
Suppose -56*k - 14469 = -155030 - 2687. What is the highest common divisor of k and 2?
2
Let k(y) = 3*y**2 - 4*y - 1. Let x be k(2). Suppose 4*j + x = 19. Let l be (33/12)/(-11) - (-25)/j. Calculate the highest common factor of 30 and l.
6
Suppose -3*o = 4*c - 54, 4*c = 8*o - 3*o - 90. Let z = 7 - 8. Let s be 1/(z + 0 + (-273)/(-270)). Calculate the greatest common divisor of o and s.
18
Let z = -31 + 67. Suppose 0 = -1237*u + 1248*u - 924. What is the highest common divisor of z and u?
12
Suppose 0 = 14*l - 10*l - 231 - 249. Suppose 3*t + 22 - 238 = 0. What is the greatest common factor of l and t?
24
Let d(h) = 1056*h**2 + 665*h - 2007. Let s be d(3). Calculate the greatest common divisor of 336 and s.
84
Let b = -240 + 243. Let o be b/(-15) + 84/(-30) - -43. Calculate the highest common factor of o and 30.
10
Suppose -224*t + 285*t - 36478 = 0. What is the greatest common factor of t and 156?
26
Suppose 0*m = -m + 120. Let r(i) = -i**3 - 47*i**2 - i + 1. Let v be r(-47). What is the highest common factor of v and m?
24
Let n = -3630 + 3711. Calculate the greatest common factor of 387 and n.
9
Let b be ((-4)/(-10))/(1/5). Suppose b*z + 363 = 5*z. Suppose 8*p - 119*p = 77*p - 2068. Calculate the greatest common factor of p and z.
11
Let u(x) = 139*x**2 + 14*x + 58. Let a be u(-4). What is the highest common divisor of 21 and a?
21
Let b(o) = 10*o - 26. Let z be b(12). Suppose 5*n = 4*g + 1270, -404 + z = g - 5*n. Let p = g + 573. What is the greatest common divisor of 23 and p?
23
Let k = 2511 - 2386. What is the highest common factor of k and 425?
25
Suppose -431*z + 316*z + 228365 = -247275. Calculate the highest common divisor of z and 1410.
94
Suppose 3*p + s - 331 = 0, 123*p + 4*s - 325 = 120*p. What is the highest common factor of p and 6?
3
Let y = -2701 + 3381. What is the highest common divisor of y and 40?
40
Let x(v) = -2*v**3 - 70*v**2 + 47*v - 317. Let l be x(-41). What is the highest common factor of 54 and l?
54
Suppose 3*v = 5*k + v - 1673, 4*v = k - 331. Let u(h) = 3*h**2 + 6*h - 38. Let z be u(5). What is the greatest common factor of z and k?
67
Let h be (27/(-4))/((-552)/1472). Suppose -3*i = 5*k + 56 - 995, 187 = k + i. Calculate the greatest common factor of k and h.
9
Suppose -2*q + 0 = 4*p - 30, -2*p + 20 = 2*q. Calculate the greatest common divisor of p and 2695.
5
Suppose 11*m + 1912 = -750. Let t = -62 - m. Calculate the greatest common factor of 12 and t.
12
Suppose 5*y + 246 - 816 = 0. Let f be (-9)/2*(10 + (-312)/36). Let p be f/27*684/(-4). Calculate the greatest common factor of p and y.
38
Let d be 1/(6 - (-167)/(-28)). Suppose 4*i - 21 = -5. Let b = i + 10. What is the highest common divisor of d and b?
14
Suppose 0 = -880*m + 860*m